059.
367, 1813477
What are the prime factors of 35122423?
7, 5017489
What are the prime factors of 188203517?
79, 2382323
List the prime factors of 1734878399.
2179, 796181
What are the prime factors of 1559872935?
3, 5, 239, 145037
What are the prime factors of 238290474?
2, 3, 39715079
List the prime factors of 3187234524.
2, 3, 1229, 216113
What are the prime factors of 430798112?
2, 73, 184417
List the prime factors of 60748934.
2, 23, 797, 1657
List the prime factors of 83406833.
31, 41, 137, 479
List the prime factors of 297505353.
3, 8273, 11987
What are the prime factors of 5740525?
5, 7, 32803
List the prime factors of 104477112.
2, 3, 593, 2447
List the prime factors of 1257885049.
1483, 848203
What are the prime factors of 10220789?
29, 352441
What are the prime factors of 265904050?
2, 5, 19, 31, 9029
What are the prime factors of 99552038?
2, 49776019
List the prime factors of 1450771102.
2, 11, 1559, 42299
What are the prime factors of 146434107?
3, 17, 2871257
What are the prime factors of 926790528?
2, 3, 2413517
List the prime factors of 94085959.
11, 8553269
What are the prime factors of 435042777?
3, 13, 11154943
List the prime factors of 2544094311.
3, 11, 73, 827, 1277
List the prime factors of 817153920.
2, 3, 5, 11, 1433
List the prime factors of 616580080.
2, 5, 31, 248621
List the prime factors of 2039562020.
2, 5, 101978101
What are the prime factors of 70294869?
3, 29, 41, 6569
List the prime factors of 1036704436.
2, 499, 519391
What are the prime factors of 1154080020?
2, 3, 5, 17, 1131451
What are the prime factors of 1662741767?
29, 57335923
List the prime factors of 1526991528.
2, 3, 23, 61, 101, 449
List the prime factors of 21728826.
2, 3, 7, 331, 521
List the prime factors of 30755078.
2, 15377539
What are the prime factors of 4457554261?
19, 23, 463, 22031
List the prime factors of 3779507867.
23, 47, 3496307
What are the prime factors of 1869268159?
11, 169933469
List the prime factors of 13908362.
2, 13, 41149
What are the prime factors of 79664269?
79664269
What are the prime factors of 64987743?
3, 101, 214481
List the prime factors of 86117845.
5, 11, 31, 53, 953
What are the prime factors of 37462558?
2, 7, 382271
What are the prime factors of 483462254?
2, 11, 23, 379, 2521
What are the prime factors of 53395388?
2, 13348847
List the prime factors of 162862153.
162862153
List the prime factors of 104279652.
2, 3, 47, 61631
List the prime factors of 344747809.
7, 49249687
List the prime factors of 1715881323.
3, 13, 67, 656671
What are the prime factors of 1877875460?
2, 5, 797, 117809
List the prime factors of 4312481757.
3, 37, 47, 826621
List the prime factors of 48153204.
2, 3, 11, 59, 229
What are the prime factors of 24335297?
7, 3476471
What are the prime factors of 687835237?
3989, 172433
List the prime factors of 8229264212.
2, 13, 127, 1246103
List the prime factors of 44659820.
2, 5, 2232991
List the prime factors of 66998600.
2, 5, 334993
What are the prime factors of 530650275?
3, 5, 7075337
List the prime factors of 2004001596.
2, 3, 55666711
What are the prime factors of 1127462440?
2, 5, 13, 17, 127541
List the prime factors of 1849750219.
41, 149, 302791
What are the prime factors of 1084330136?
2, 135541267
List the prime factors of 483612716.
2, 120903179
What are the prime factors of 65900464?
2, 7, 588397
List the prime factors of 196299497.
5167, 37991
List the prime factors of 335359043.
257, 811, 1609
List the prime factors of 56185409.
7, 1051, 1091
What are the prime factors of 88026120?
2, 3, 5, 7, 13, 2687
List the prime factors of 337690245.
3, 5, 3019, 7457
List the prime factors of 150223910.
2, 5, 15022391
List the prime factors of 16383654.
2, 3, 7, 89, 487
What are the prime factors of 4836746?
2, 2418373
List the prime factors of 1628721755.
5, 223, 1460737
List the prime factors of 53612312.
2, 13, 193, 2671
List the prime factors of 975257530.
2, 5, 13, 17, 29, 15217
What are the prime factors of 1853791181?
11, 168526471
List the prime factors of 967172751.
3, 19, 31, 61, 997
What are the prime factors of 23706587?
23706587
List the prime factors of 862249476.
2, 3, 11, 1039, 6287
List the prime factors of 466828254.
2, 3, 29, 599, 1493
What are the prime factors of 5250669674?
2, 17, 41, 71, 53051
List the prime factors of 24306539.
239, 101701
List the prime factors of 205460458.
2, 7, 67, 219041
What are the prime factors of 96827428?
2, 24206857
List the prime factors of 5280422959.
7, 754346137
List the prime factors of 2401697170.
2, 5, 79, 199, 15277
List the prime factors of 594327187.
109, 5452543
List the prime factors of 436477867.
7, 62353981
List the prime factors of 15967152.
2, 3, 23, 1607
What are the prime factors of 981165576?
2, 3, 83, 449, 1097
List the prime factors of 26677339.
13, 73, 28111
What are the prime factors of 5086055171?
5086055171
What are the prime factors of 657188262?
2, 3, 41, 296833
List the prime factors of 508093588.
2, 1321, 96157
List the prime factors of 991343336.
2, 367, 337651
List the prime factors of 1359544849.
13, 71, 1472963
List the prime factors of 42085351.
7, 11, 29, 47, 401
List the prime factors of 25552862.
2, 23, 67, 8291
What are the prime factors of 71100184?
2, 8887523
What are the prime factors of 123938719?
123938719
List the prime factors of 942117422.
2, 471058711
What are the prime factors of 686512926?
2, 3, 11, 47, 73771
List the prime factors of 42665571.
3, 13, 28051
What are the prime factors of 157292429?
7, 22470347
List the prime factors of 37592906.
2, 13, 19, 76099
What are the prime factors of 164455611?
3, 54818537
What are the prime factors of 1566350002?
2, 7, 23, 397, 12253
What are the prime factors of 7031916?
2, 3, 31, 6301
List the prime factors of 809356914.
2, 3, 811, 18481
List the prime factors of 836377820.
2, 5, 4127, 10133
What are the prime factors of 552260271?
3, 4259, 43223
What are the prime factors of 45476353?
13, 769, 4549
List the prime factors of 8621697709.
29, 37, 103, 181, 431
List the prime factors of 848153911.
11, 23, 3352387
What are the prime factors of 20815618?
2, 41, 97, 2617
What are the prime factors of 16013935?
5, 7, 163, 401
What are the prime factors of 961755058?
2, 11, 601, 72739
List the prime factors of 153270080.
2, 5, 509, 941
List the prime factors of 850838941.
59, 2677, 5387
List the prime factors of 176811638.
2, 79, 151, 7411
What are the prime factors of 58205307?
3, 19401769
What are the prime factors of 1340129547?
3, 73, 2039771
List the prime factors of 104774490.
2, 3, 5, 491, 2371
What are the prime factors of 202012621?
83, 491, 4957
What are the prime factors of 2951767963?
23003, 128321
List the prime factors of 788801772.
2, 3, 11, 199, 30029
List the prime factors of 140777648.
2, 11, 799873
List the prime factors of 2165426128.
2, 135339133
List the prime factors of 75354431.
67, 89, 12637
What are the prime factors of 242377575?
3, 5, 11, 293791
What are the prime factors of 135304514?
2, 67652257
What are the prime factors of 2632435732?
2, 658108933
List the prime factors of 54501317.
13, 31, 101, 103
What are the prime factors of 147747685?
5, 827, 35731
List the prime factors of 340939347.
3, 7, 59, 233, 1181
What are the prime factors of 5420405430?
2, 3, 5, 11, 5475157
What are the prime factors of 1992760091?
7, 53, 5371321
What are the prime factors of 346471027?
7, 131, 377831
What are the prime factors of 592231247?
5783, 102409
What are the prime factors of 69653483?
47, 1481989
List the prime factors of 120385346.
2, 37, 1626829
List the prime factors of 12141232.
2, 758827
List the prime factors of 399044353.
71, 73, 76991
What are the prime factors of 5581243?
137, 40739
List the prime factors of 2056589788.
2, 11, 911, 51307
What are the prime factors of 24009896?
2, 3001237
List the prime factors of 86973461.
227, 383143
List the prime factors of 1469327532.
2, 3, 19, 2309, 2791
List the prime factors of 25873423.
29, 239, 3733
List the prime factors of 2650086188.
2, 662521547
What are the prime factors of 413222767?
163, 2535109
List the prime factors of 592875329.
79, 7504751
What are the prime factors of 12932112?
2, 3, 269419
What are the prime factors of 16783491?
3, 23, 243239
List the prime f